
Suppose 2*m = 12*m - 30. Suppose m*i + 7666 = 4*z + 1955, -5*i = -2*z + 2845. List the prime factors of z.
2, 5, 11, 13
Suppose 76*y + 69062 = 1060123 + 1224339. List the prime factors of y.
2, 5, 11, 53
Suppose 0 = 6*o + 123 - 687. Let c(m) = -3*m**2 - m - 3*m + m**2 + o + 2*m. List the prime factors of c(0).
2, 47
Suppose -172 = -2*c - 3*m, 0 = -3*c - c + 5*m + 344. Let r = 60 + c. What are the prime factors of r?
2, 73
Suppose 6*v - 21*v = 3045. List the prime factors of (v/(-2))/((-12)/(-24)).
7, 29
Let n(o) be the first derivative of 5*o**4 + 8*o**3/3 - o**2/2 + 12*o - 93. List the prime factors of n(4).
2, 3, 59
Suppose -4*g + 3312 = -6*y + 2*y, 5*y + 4140 = g. Let m = 244 + y. What are the prime factors of m/(-6) - (-4)/6?
2, 7
Let z = 2535 - 2521. Let y(h) = h + 2*h + 70 + 0*h. List the prime factors of y(z).
2, 7
List the prime factors of 0 + 7 - (-10 - 3895 - -20).
2, 7, 139
Suppose 5*j = 3*c - 87940, -37*j + 117234 = 4*c - 34*j. What are the prime factors of c?
2, 3, 5, 977
Let d = -3257 + 5483. Suppose -1 - 1 = -y, 0 = -5*f + 2*y + d. What are the prime factors of f?
2, 223
Let m = -13832 - -32558. List the prime factors of m.
2, 3, 3121
Suppose 0*h + 8 = 4*h. Let d(s) = -22*s - 60*s**2 + 17 + 26*s**2 + 35*s**h. What are the prime factors of d(22)?
17
Let h = 2105 - -39. What are the prime factors of h?
2, 67
Suppose -2929 + 9121 = 43*i. Let t be 6/2 + 1 + -83. Let k = i + t. What are the prime factors of k?
5, 13
Let r(d) = 25*d**2 + 10*d + 10. Suppose -4*y + o - 4 = 0, 3*y - 5*o = 6 - 9. List the prime factors of r(y).
5
Let v(y) = -16*y + 43*y + 8 + y**2 + 94. What are the prime factors of v(-23)?
2, 5
Suppose -218*w - 628159 + 1655904 = -798223. What are the prime factors of w?
2, 3, 349
Let f = 87265 - 50112. List the prime factors of f.
53, 701
Suppose 0*q - 12 = -2*q - g, 24 = 4*q + g. Suppose -q*h - 9 = 3*h. Let r(b) = -94*b - 1. List the prime factors of r(h).
3, 31
Let v = -5857 + 8015. What are the prime factors of v?
2, 13, 83
Suppose -p + 402 + 218 = 0. Let g(z) = z + 10. Let d be g(-5). Suppose -d*q + q = -p. List the prime factors of q.
5, 31
Let m be -12 - (-1 + 4 + -2). Let i = 32 - m. Suppose -5*r - 4*t + i = t, 0 = 2*r - 2*t - 22. List the prime factors of r.
2, 5
Let u be (80/64)/(2/296). Suppose 5*d + u = 5*o, -o - 3*d - 11 = -56. List the prime factors of o.
3, 13
Let m(n) = 5*n**2 + 69*n**2 + 5*n**2 - 14*n**2 - 1 + 4*n. What are the prime factors of m(-3)?
2, 11, 13
Suppose -34*a = -31*a - 18. Let z(x) = -x**2 + 7*x - 12. Let m be z(a). Let j = 205 - m. What are the prime factors of j?
211
Let g = -20012 - -38473. What are the prime factors of g?
18461
List the prime factors of 5/(-15 + (-47612)/(-3174)).
3, 5, 23
List the prime factors of (-462)/(-1617) + (-429572)/(-14).
2, 3, 2557
Suppose -104*q + 87*q - 34 = 0. Let h(d) = d + 1. Let x(j) = 52*j + 3. Let n(a) = 5*h(a) - x(a). What are the prime factors of n(q)?
2, 3
Let s = 20542 + -11370. List the prime factors of s.
2, 2293
Suppose -3*j - 1912 = 5*i, -3*i + 5*j = j + 1124. Let l = i - -637. Let x = l + -159. List the prime factors of x.
2, 7
Let u = -404 + 698. Let k = u + -246. What are the prime factors of k?
2, 3
Let t(m) = -1868*m - 1191. What are the prime factors of t(-8)?
17, 809
Let b be -3*(-63)/42*(-4)/(-6). Suppose -5*f + 64 = -p + b*p, 2*p - 56 = -3*f. What are the prime factors of p?
2, 11
Suppose -13*i + 12*i = j + 700, 3*i - 4*j = -2107. Let f = 2221 + i. What are the prime factors of f?
2, 5, 19
Let d = -133 + 98. Let q(h) = -h**2 - 36*h + 32. What are the prime factors of q(d)?
67
Let i = -2758 + 5845. Suppose -18*v + i = -11*v. What are the prime factors of v?
3, 7
Let q(u) = 6*u**2 - 4*u - 7. Let k be q(-2). Suppose -2*v = 3*v - k. Suppose -v*h + 677 = -3. List the prime factors of h.
2, 17
Let n(u) = -6921*u**3 - 4*u**2 + 2*u + 3. List the prime factors of n(-1).
2, 3, 1153
What are the prime factors of (-3)/(1*(-3)/1493) - (6 - 8)?
5, 13, 23
Let d(c) = 119*c + 16. Let a(g) = g**3 - 6*g**2 - 41*g + 13. Let p be a(10). List the prime factors of d(p).
373
Let s(i) = -i**3 + 7*i**2 - 3*i + 11. Suppose 5*g + 2*k = 13, 2*k + 0 + 2 = 0. Let l be (-40)/(-12)*-3*g/(-6). List the prime factors of s(l).
2, 23
Let i be (-4)/6*(-66)/44 + 2713. Let z = i - 1764. What are the prime factors of z?
2, 5, 19
Let t(q) = 31*q**2 - 1. Let b be t(-1). Let n be (-64)/24*2/((-16)/b). Suppose n*f - 20 + 0 = 0. List the prime factors of f.
2
Suppose -5*l = -3702 - 493. Suppose -5650 = -7*u + l. List the prime factors of u.
3, 103
Let q(l) = -l - 12. Let k be q(-11). Let h(u) = 2*u + u + 154*u**2 - 42*u**2 - 1 + 4. What are the prime factors of h(k)?
2, 7
Suppose -2*h + 2389 = 5*n, -2*n + 5*h + 458 = -515. Suppose 0 = -7*g + 4210 - n. List the prime factors of g.
13, 41
Suppose -11*f - 4*f = -120. Let t(w) = 4*w**3 - 9*w**2 - 12*w + 2. List the prime factors of t(f).
2, 13, 53
Suppose 7*j + 4*o - 73269 = 0, 23*j + 2*o + 52335 = 28*j. What are the prime factors of j?
3, 1163
Suppose 5*i - 2*g - 2*g + 140 = 0, 4*i + 71 = -5*g. What are the prime factors of 180/(-21)*(i - 4)?
2, 3, 5
Suppose -3*q + 1250 = -2*d, 2113 = -3*d - q + 260. Let i = 322 + d. Let o = i + 419. List the prime factors of o.
2, 61
Suppose 15*n - 9*n + 19*n - 142875 = 0. List the prime factors of n.
3, 5, 127
Suppose 1225847 = 33*y - 13699. What are the prime factors of y?
2, 7, 2683
Let l(p) = -99*p**3 - 8*p**2 + 131*p + 834. What are the prime factors of l(-6)?
2, 3, 881
Let r = 10192 + -8940. List the prime factors of r.
2, 313
Let g be (899 - -15)*1/(-2). Let y = 1754 + g. List the prime factors of y.
1297
Let k(x) be the first derivative of -x**4/4 + 26*x**3/3 + 59*x**2/2 - 8*x - 10. What are the prime factors of k(28)?
2, 19
Suppose 0 = -77*m + 75767 + 361593. What are the prime factors of m?
2, 5, 71
Suppose 4*b + 3*h - 575 = 0, -2*h = -b - 0*h + 130. Suppose -4*y = y - b. Suppose -y*v + 246 = -25*v. List the prime factors of v.
2, 41
Suppose -48*c + 1469056 = 118144. What are the prime factors of c?
2, 1759
Let j be 16/(-104) - (-67)/13. Let u(k) = -8*k**2 + 3*k - 16. Let q be u(j). Let m = 281 + q. List the prime factors of m.
2, 5
Let t(a) = -a**3 - 2*a**2 + 28*a + 26. Let g be t(-6). List the prime factors of (-72003)/(-63) + g/21.
3, 127
Suppose -9*c - c + 21*c = 165. Let d(t) be the third derivative of -t**6/120 + t**5/4 - t**4/24 + 11*t**3/3 + t**2. List the prime factors of d(c).
7
Suppose -l - 3*g = -97 - 476, 0 = 3*l - 2*g - 1686. Suppose r + 5568 = 3*j, -l = 2*j + r - 4276. What are the prime factors of j?
2, 29
Let h(t) = -7138*t**3 + 4*t**2 + t. List the prime factors of h(-1).
37, 193
Let r(y) = 3*y**2 + 26*y + 22. Suppose -69*u - 200 = -59*u. What are the prime factors of r(u)?
2, 3, 13
List the prime factors of (-1)/2*(-1561 + (0 - -13)).
2, 3, 43
Let m = -4800 + 6776. What are the prime factors of m?
2, 13, 19
Let b = 5 - 4. Let h(p) = 12*p**3 - 3*p**2 + 4*p. Let w(k) = 48*k**3 - 13*k**2 + 17*k + 1. Let l(g) = 9*h(g) - 2*w(g). List the prime factors of l(b).
11
What are the prime factors of (-132 - -156)*((-1983)/(-6) + 1)?
2, 3, 13, 17
Let y be (-7*2)/(3 + -2). Let m be (-4 - -2)/(y/49). Suppose m*j = -375 + 1019. List the prime factors of j.
2, 23
Suppose 10 = -3*k - 2. Let p(h) = -51*h + 51. What are the prime factors of p(k)?
3, 5, 17
Let a(k) = 1183*k + 761. List the prime factors of a(4).
3, 1831
Suppose 0 = -3*z + 4*z - 2475. Let o be 7/((-462)/(-324)) - (-4)/44. Suppose 4*t = -o*t + z. List the prime factors of t.
5, 11
Suppose -2*k - 50 = 3*p + 10, -p - 27 = 3*k. Let s(y) = -y**3 - 13*y**2 + 68*y + 34. List the prime factors of s(p).
2, 5, 43
Let m = 29 + -16. Let o(x) = m - 24*x - x**2 + 18 + 0*x**2 - 22. List the prime factors of o(-15).
2, 3
Suppose 4*y = d - 27, -y + 1 = -2*d - 1. Let p be (-4)/y - (-157)/2. Suppose -h + p = -18. List the prime factors of h.
97
Let x be 2/(69/46*2/6). List the prime factors of (9 + -8)/(x/3224).
2, 13, 31
Let q(y) = 3*y**3 + 7*y**2 - 14. Let l be q(-5). Let u = l - -450. What are the prime factors of u?
2, 59
Suppose 0 = -h - 0*l + 5*l - 3, 5*l = -h + 7. Let a be -4*(15/h)/5. Let n = 22 - a. List the prime factors of n.
2, 7
Let y = -40 - -50. Let i be y/15*-3 + 178. Suppose 2*o - 432 = -3*b, 2*b - i = -5*o + 123. List